ppose 28*x = l + 175. What is the greatest common factor of 48 and x?
3
Suppose 111*a - 253190 + 8294 - 26943 = 0. Calculate the highest common factor of a and 158.
79
Suppose 3*r - 4*r = -44. Let k(b) = 4*b - 60. Let w be k(23). Let s = r - w. What is the greatest common factor of 9 and s?
3
Let r = 135 + -111. Let v(z) = 3*z**2 - 20*z + 117. Let y be v(r). What is the greatest common factor of y and 105?
105
Let s = 1353 + -804. Suppose 438 = 3*y - s. Calculate the highest common divisor of 7 and y.
7
Let m(k) be the first derivative of -k**4/4 + 16*k**3/3 + 13*k + 25. Let z be m(16). Suppose 4*q - 3 - z = 0. What is the greatest common factor of q and 1?
1
Let s(i) = -25*i**3 - 7*i**2 + 2*i - 3. Let m be s(-1). What is the highest common factor of m and 2457?
13
Let i = 32 + 301. Suppose 0 = -4*j + 24, 642*j = p + 639*j - 130. Calculate the highest common factor of p and i.
37
Let w = -10593 + 11257. What is the greatest common divisor of 9462 and w?
166
Let h = 19 + -18. Let v be ((-2)/h)/((-10)/(-605)). Let u be -1*400/(-22) + 22/v. Calculate the greatest common divisor of u and 162.
18
Let r be 5*(-2 + (-84)/(-15)). Let v = r - -342. What is the highest common divisor of 72 and v?
72
Suppose -3*w + 1 = -3*p - 17, 0 = -4*p + 12. Let g(f) = f**3 - 5*f**2 - 25*f + 30. Let c be g(w). What is the greatest common factor of 3 and c?
3
Let p be 28/(-6)*(-38 - -2). Suppose -3565 = 5*h - 5*w, -621 - 1518 = 3*h + 2*w. Let d = 737 + h. Calculate the highest common factor of p and d.
24
Let i be 11/7 + 51/119. Let h(t) = 18*t**2 + t. Let f be h(i). Suppose -f*k - 51 = -75*k. Calculate the greatest common factor of 17 and k.
17
Let z(o) = -o**2 - 13*o + 8. Let p be z(-9). Let i = -34 + p. Suppose 131 = i*h - 359. Calculate the greatest common divisor of h and 7.
7
Suppose 131*r + 638 = 2341. What is the highest common divisor of 2574 and r?
13
Suppose -40*j - 33*j + 2*j = -426. Let g be (-62)/(-8) - 4/(-16). What is the highest common factor of j and g?
2
Let w = -490 + 688. Let k(p) = -8*p - 35. Let j be k(-6). Suppose -8*d = -j*d + 110. Calculate the greatest common divisor of d and w.
22
Let r = 3540 - 3472. What is the greatest common factor of 748 and r?
68
Let m be (32/(-12))/((-2)/(-39)). Let l = m + 51. Let w be (236/(-4) - -5)/(-2 - l). Calculate the highest common divisor of 6 and w.
6
Let s(f) = -f**3 - 17*f**2 - 26*f - 126. Let q be s(-16). What is the highest common divisor of q and 1598?
34
Let p = 40 - 27. Let l = -880 - -953. Suppose l*d - 4117 = 4424. Calculate the highest common divisor of d and p.
13
Let u be ((-179)/(-2))/(1/(-2)). Let q = 359 + u. Suppose d = -4*d + q. What is the greatest common factor of d and 24?
12
Let x be 13/1 + 0/((-20)/(-4)). Suppose 20 = 4*k, 5*b - 2*k - 67 = x. Let p be b/12*2/(-3) - -16. Calculate the greatest common factor of 3 and p.
3
Suppose 13135*c + 11200 = 13149*c. Calculate the greatest common factor of c and 480.
160
Let f = 24155 + -18251. What is the highest common divisor of f and 16?
16
Let x(h) = 8 + 31 - 9 - 2*h + 18*h. Let g be x(-10). Let z = 210 + g. Calculate the greatest common divisor of z and 5.
5
Let w be (-14)/4*(1 + 2 + 21). Let n be ((-441)/w)/(0 + 6/16). What is the greatest common factor of 98 and n?
14
Let m(u) = 2*u**3 - 8*u**2 + u - 15. Let x be m(4). Let k be (-1211 + x)*((-3)/6 + 0). What is the highest common divisor of k and 13?
13
Let g be (-8 + 0)/(1/(-2)). Let v be ((-96624)/3355)/(9/(-300)). Calculate the highest common divisor of g and v.
16
Suppose d - 4339 = -3*g, 3*g + 17*d = 18*d + 4331. Calculate the greatest common divisor of g and 2601.
289
Let n = -10 - -7. Let y be (0 + (-85)/15)*n. Let h = 7 + y. What is the greatest common factor of 6 and h?
6
Let j be (-281)/(-2)*(-6 - (-4 - 0)). Let n = j - -283. Calculate the highest common factor of n and 8.
2
Suppose -4*v + 114*k + 64 = 117*k, -338 = -33*v - k. Calculate the highest common divisor of v and 30510.
10
Let f(t) = -5*t + 116. Let z = -276 - -296. Let y be f(z). What is the greatest common factor of y and 1?
1
Let c(u) = 2*u**2 - 12*u + 13. Let q be c(7). Let p be (19/(-2))/(q/162). Let f be ((-38)/p)/((-4)/(-18)). What is the highest common factor of f and 9?
3
Let i = 1453 + -1288. What is the highest common divisor of i and 121?
11
Suppose -w = t, -5*w + t = -4*t + 30. Let a be 3/(w/(-132)*4). Suppose 13*n - 7*n - 18 = 0. What is the highest common factor of n and a?
3
Let r(g) = 7*g**2 - 844*g - 1690. Let l be r(-2). What is the highest common factor of 46358 and l?
26
Suppose -23*h - 17*h - 3*h = -602. Suppose 4*g - 9 = 15. Let t(q) = q**2 + 2*q + 8. Let v be t(g). What is the highest common factor of v and h?
14
Let p be -1*(-6 - 6)*7. Suppose 252 = -0*f + 4*f. Let l = 75 - f. What is the greatest common factor of l and p?
12
Suppose -3066 = -2*h + 23*h. Let j = h + 234. What is the highest common factor of 704 and j?
88
Let d(w) = -w**2 - 29*w - 54. Let j be d(-20). Let h = 196 - j. Calculate the greatest common divisor of h and 63.
7
Suppose -463*i + 458*i + 79267 = -q, -15879 = -i - 3*q. What is the highest common divisor of i and 210?
105
Let q be 3 + (-74952)/(-351) + (-18)/(-39). Let w(b) = -b**2 + 12*b - 5. Let m be w(6). Calculate the highest common divisor of q and m.
31
Suppose -5*n = -4*t + 11768, -21*t - 2*n + 11740 = -17*t. Let g be ((-4)/3 - -1)/((-89)/t). Calculate the greatest common divisor of g and 737.
11
Suppose -3*w + 2*t = -13, -5*w + 13 = -16*t + 17*t. Calculate the highest common divisor of w and 510.
3
Let r = 4566 + -4286. What is the greatest common factor of r and 1260?
140
Suppose 4*o + 304 = 2*k, -31*o + 30*o + 1 = 0. Suppose 3*n - 138 = -3*i, 2*n - 134 = -i - 2*i. Calculate the highest common divisor of i and k.
14
Suppose -9 = -2*a - 1. Suppose -b = -a*x - 53, -3*b + 124 = -0*b - 5*x. Let n = 318 + -315. Calculate the greatest common divisor of n and b.
3
Suppose -65 = -y - 59. Suppose y*v + 10*v - 224 = 0. What is the greatest common factor of v and 49?
7
Let b be (-10230)/2015*65/(-3). Let n = 13 + -9. Suppose -5*z = -5*l - 45, -24 = -0*z - 2*z - n*l. What is the greatest common factor of b and z?
10
Suppose -x + 4*c = 0, 3*x + c + 3*c - 64 = 0. Let v(s) = -s**2 + 45*s + 168. Let z be v(40). What is the highest common divisor of x and z?
16
Let k(a) = -2*a**2 + 17*a + 4. Let r be k(5). What is the greatest common factor of r and 195?
39
Let d(w) = 9*w**2 - 6*w + 2. Let b be d(4). Let o = 4642 + -4337. Calculate the highest common divisor of b and o.
61
Let q = -3009 - -2010. Let y be (1/3)/(9/q). Let g = 61 + y. Calculate the greatest common divisor of 12 and g.
12
Suppose 65 = 5*v - 5*g, -18*g - 20 = -13*g. What is the greatest common divisor of v and 4932?
9
Suppose 55*h - 549 = 9*h + 831. Calculate the highest common factor of 285 and h.
15
Let a be 8 - 427/(-21) - 2/6. Suppose 0 = 2*s + 5*y - 0*y - 41, 4*s = y + 27. Calculate the highest common divisor of s and a.
4
Let h(g) = -g**2 + 41*g - 49. Let w be h(37). Let f be 6*(2 + (-2)/4). What is the greatest common factor of f and w?
9
Let s(d) = -39*d - 557. Let u be s(-42). What is the greatest common divisor of u and 94?
47
Suppose -2*s + 3*p + 12926 = 0, -15790 = -5*s - 5*p + 16525. What is the greatest common factor of s and 23?
23
Suppose 3*r = -3*u + 1488, 4*u - 669*r + 666*r - 1970 = 0. What is the highest common factor of u and 3692?
26
Suppose -10*a - 43*a = -9*a - 31416. What is the greatest common factor of a and 546?
42
Suppose 292*j = 294*j - 7*m - 2115, -2*j - 5*m + 2175 = 0. What is the greatest common factor of j and 43?
43
Let n(d) = -d**3 + 27*d**2 - 26*d + 10. Suppose 987*u - 985*u = 52. Let y be n(u). What is the greatest common divisor of 10 and y?
10
Let b = -85 - -55. Let a be (-138)/b + 3/(-5). Suppose 3*s + 2*s = n - 17, 0 = -3*n + a*s + 62. Calculate the greatest common factor of n and 55.
11
Let n = 309969 + -309953. Suppose 0 = -2*p - 3*p - 70. Let w be (-786)/(-7) + 4/p. Calculate the greatest common factor of n and w.
16
Suppose -13*n - m - 12317 = -15*n, -4*n + 6*m + 24654 = 0. Calculate the greatest common divisor of 38 and n.
38
Let v(d) = -d**2 + 12*d + 3877. Let s be v(-56). What is the highest common factor of s and 1334?
23
Let x be -8 + 1 + 17 + 6. Suppose 5*i - 2*g = 